ommon divisor of s and 28?
14
Let z be (-4)/14 + 443/7. Let w be (-8)/52 - (-1644)/39. Calculate the greatest common divisor of w and z.
21
Suppose -5*i = -3*t + 60, 0 = 2*t - i + 3*i - 40. What is the highest common factor of 20 and t?
20
Suppose -a - a = -5*q + 552, -2*q + 4*a = -224. What is the greatest common divisor of 10 and q?
10
Let r = 24 - 10. Suppose -4*n - 12 = -8*n. Suppose -n*o + 14 = -o. Calculate the highest common factor of r and o.
7
Suppose 0 = -4*c + h + 607 - 101, -4*c = h - 502. What is the highest common divisor of 14 and c?
14
Suppose -2*g - 2*r = -60, g = -2*g - r + 90. What is the greatest common factor of g and 90?
30
Suppose -z - 324 = -4*z. Suppose -2*y = 0, f - z = -2*f - 4*y. Let s = f + -24. Calculate the greatest common factor of s and 132.
12
Suppose -1011 = -4*v + 341. Let h = v - 202. What is the highest common factor of h and 17?
17
Suppose 4*y = 5*g + 8, 10 = 5*y - 5*g - 0. Suppose -w = 4*w - 20, y*n - w = -2. Calculate the highest common divisor of 9 and n.
1
Let n = -21 + 51. Calculate the highest common divisor of n and 10.
10
Suppose 5*b + 13 = 2*r, 5*r = -4*b - 6 + 88. Calculate the highest common divisor of r and 112.
14
Suppose 5*r - 135 = -4*b, -4*r + 8*r - 136 = -4*b. What is the greatest common factor of 7 and b?
7
Suppose -9 = -5*m + 16. Let q(y) be the first derivative of y**3/3 - 3*y**2/2 + 4*y - 3. Let h be q(m). Calculate the highest common factor of 35 and h.
7
Suppose 13 = -6*t + t - 2*p, 3*t = -2*p - 11. Let m be t/(4/(112/(-4))). Calculate the greatest common divisor of m and 7.
7
Suppose 2*p + 2*p + 24 = 0. Let r(f) = f**3 + 6*f**2 - 8*f. Let h be r(p). Calculate the highest common factor of h and 6.
6
Suppose -6*s - s = -14. What is the greatest common divisor of s and 14?
2
Suppose 5*d - 3*d + t = 8, -5*t = 2*d - 8. Let f(n) = -2*n**2 + d*n**2 - 3*n**2 - 8*n. Let s be f(-6). What is the highest common factor of 8 and s?
4
Suppose -m = -3 + 7. Let z(k) = 2*k**2 + 6*k + 4. Let f be z(m). Suppose 4*t = 6*t - 120. Calculate the highest common factor of t and f.
12
Suppose d - 4*j - 10 = 2*d, 0 = -5*j - 20. Let c be ((-28)/21)/(2 - 256/126). What is the highest common factor of d and c?
6
Let h = 117 - 37. Calculate the greatest common divisor of 5 and h.
5
Let p = -3 - -5. Let h = 57 - 30. Suppose 3*q - 2*j - j = h, 0 = 2*q + 5*j + 17. What is the highest common divisor of q and p?
2
Let w = 1 - -10. Calculate the highest common factor of w and 33.
11
Let y be -3*14/(-6) - -2. Let m(g) = -36*g + 6. Let n be m(y). Let a be n/(-4) - 3/(-6). What is the greatest common factor of 20 and a?
20
Let w = 7 - 10. Let v = w + 31. Calculate the highest common factor of v and 7.
7
Let r = -28 - -40. Calculate the greatest common factor of 96 and r.
12
Let f be (-5*3)/(9/(-6)). Let q(b) = b**3 + b. Let d be (-14)/(-4) - (-6)/(-4). Let m be q(d). What is the highest common divisor of m and f?
10
Suppose -5*o - 4*l = -112, 2*o - 54 - 1 = -5*l. What is the greatest common factor of o and 10?
10
Suppose -50 = -2*m + 8. Let u = m - 6. What is the highest common factor of 207 and u?
23
Let t = 8 - 5. What is the highest common divisor of 15 and t?
3
Let t(p) = 1 + 4*p**2 + 1 + p + 3 + p**3. Let m be t(-4). Let h = -317 + 328. Calculate the greatest common divisor of m and h.
1
Suppose 0 = -3*z - 400 + 64. Let b = -68 - z. What is the highest common factor of 11 and b?
11
Let u(g) = g**3 + 4*g**2 - 2*g - 5. Let r be u(-4). Suppose 0 = 4*k - r*k + 2. Let q = k - -7. Calculate the highest common divisor of q and 15.
5
Let v be 61/3 - (-4)/(-12). Suppose l = -3*l + v. Let o be l + 0 + (-3 - -4). Calculate the greatest common factor of o and 48.
6
Let a = -2 - -3. Suppose -k - 365 = -5*l, 2*k + 11 = a. What is the highest common factor of l and 9?
9
Let b(v) = -4*v + 0 - 2 + 5*v**3 - 6*v**3 - 3*v**2. Let u be b(-2). Suppose i + 3*o - 3 = 0, -i + 8 = -5*o - 3. What is the highest common divisor of u and i?
2
Suppose 11 = 4*t - 1. Let g be 56/6 - 1/t. Calculate the highest common divisor of g and 63.
9
Let f be (-17)/(2*3/(-12)). Suppose 2*g + 2*g = -3*k + 90, 2*g - 4*k = f. Calculate the greatest common factor of 168 and g.
21
Let o be (-18)/(-2) + 8/8. Calculate the greatest common divisor of o and 1.
1
Suppose 5*s - 39 = 2*s. Let m(t) = -5*t**3 - t**2. Let a be m(-1). Suppose -495 = -a*g - 79. What is the greatest common divisor of s and g?
13
Let i(o) = -5*o - 2*o**2 + 1 - 3*o + 5*o + 3*o**2. Let k be i(6). What is the greatest common factor of 76 and k?
19
Let u be (-6)/30 + (-214)/5. Let l(k) = -k**3 + 9*k**2 - k - 11. Let n be l(9). Let h = n - u. What is the greatest common divisor of h and 92?
23
Suppose 19 = -4*c + 55. Suppose 4*h + 30 = c*h. Calculate the greatest common divisor of h and 6.
6
Let f be (-5)/(-10) - 14/(-4). Let y = -22 - -38. What is the highest common factor of f and y?
4
Let q = 47 - 27. Calculate the greatest common divisor of 8 and q.
4
Suppose 7*c - 324 = 3*c. Calculate the greatest common divisor of 9 and c.
9
Let r = 23 + 16. Calculate the greatest common divisor of r and 13.
13
Let f(o) = 3*o + 3*o + 18 - 5*o. Let l be f(0). What is the highest common divisor of 9 and l?
9
Let c be 4/2 - 1 - 3. Let l = c - -4. Let z(o) = 3*o + 3. Let i be z(5). Calculate the highest common factor of l and i.
2
Let k = 17 + -17. Suppose k = -q + 6*q - 250. Calculate the highest common divisor of 10 and q.
10
Suppose 10 + 38 = 3*z. Suppose 4*l - 96 - z = 0. Calculate the greatest common factor of 252 and l.
28
Let q(i) = -2*i - 7 + 2*i - i + 0*i. Let y be q(0). Let j(b) = -10*b - 7. Let l be j(y). What is the highest common divisor of 9 and l?
9
Let r(w) = -w - 3. Let m be r(-6). Suppose -m*g = -5*i + 30, -5*g + 70 = i + 4*i. Calculate the greatest common divisor of 27 and i.
9
Let o(d) = -128*d - 2. Let x be o(-1). What is the highest common factor of 14 and x?
14
Let h(x) = 44*x**2 + x. Let w be h(-1). Suppose 0 = 3*z - 38 - w. What is the greatest common divisor of 135 and z?
27
Let x(i) = -i**3 + 10*i**2 + 6*i + 7. Let t be x(6). Calculate the greatest common factor of t and 17.
17
Suppose 7*x = 12 + 9. Let h be 2/(-4) - (-19)/2. What is the greatest common factor of h and x?
3
Let m(d) = -2*d - 6. Let s be m(-5). Let n(j) = 2*j**2 + j + 3. Let l be n(s). What is the highest common divisor of 13 and l?
13
Suppose 5*m - y - 74 = 0, 0 = y - 6*y + 5. Calculate the highest common divisor of 3 and m.
3
Let r be 0 - (-1 - 0) - 2. Let j be r + -1 - (2 - 43). Let i be (1 - 2)/((-1)/13). What is the highest common divisor of j and i?
13
Suppose 2*k = 22 + 58. Let w be k/(-3)*30/(-25). Calculate the greatest common divisor of w and 8.
8
Let x = -181 + 262. What is the greatest common divisor of 27 and x?
27
Let s(x) = 2*x**2 + 7*x + 12. Let t be s(-3). Let q(n) = n**3 + 5*n**2 + 4*n + 2. Let r be q(-2). Calculate the greatest common divisor of r and t.
3
Suppose 0 = -16*l + 64. Calculate the highest common divisor of l and 116.
4
Suppose 2*t = -3*t + 425. Suppose 2*d = 5*z + 14, d = -4*z + 8*z + 1. Calculate the highest common factor of t and d.
17
Let u be (-22)/(-6) - 1/(-3). Let w be (-27)/(-6) - 2/u. Calculate the highest common factor of w and 36.
4
Suppose -b + 6*b = 5. Let q be -1 + 17 + b + -2. Suppose 0 = 20*x - 12*x - 120. What is the highest common divisor of q and x?
15
Suppose -16 + 1 = -5*v. Suppose 3*u + 4*p - 115 = 0, -2*u + p = v*p - 80. Let q = u + 0. Calculate the greatest common divisor of 18 and q.
9
Let u(h) = -7 + 0*h + 9 - 4*h + 2*h. Let v be u(-8). What is the highest common factor of 3 and v?
3
Let w be (-5)/25 - (-171)/5. Calculate the highest common divisor of w and 17.
17
Suppose -b + 2*b = 4. Let o(h) = -b*h**2 + 6*h**2 - 4 + 7*h - 1 + 0. Let k be o(-7). What is the greatest common divisor of k and 4?
4
Let q = -54 - -159. Calculate the greatest common divisor of 15 and q.
15
Let b = 7 - 3. Suppose 2*d - 4 = b. Let v(h) = 12*h. Let l be v(1). What is the greatest common divisor of d and l?
4
Suppose -5*w + 2*b = b - 38, -b + 4 = w. What is the highest common factor of w and 91?
7
Suppose 21*i - 126 = 3*i. Suppose -5*g + 2*x + 828 = 0, 0*g + 4*x - 312 = -2*g. Let o = -101 + g. What is the greatest common factor of i and o?
7
Let w be (-662)/(-3) + (-6)/9. Suppose -25*j 